 and 135?
45
What is the greatest common divisor of 13120 and 115802368?
2624
Calculate the greatest common factor of 251775054 and 1854.
1854
What is the highest common divisor of 199258167 and 2748?
687
What is the highest common divisor of 3090 and 1188620?
1030
What is the highest common divisor of 1044 and 7924221?
261
What is the greatest common factor of 26964 and 6573?
21
What is the highest common divisor of 782 and 273037?
17
Calculate the greatest common divisor of 4001056 and 256.
32
Calculate the highest common divisor of 508762483 and 31.
31
What is the highest common divisor of 53791 and 49?
1
What is the highest common factor of 364955 and 5435?
5
What is the greatest common factor of 12 and 21171888?
12
What is the highest common factor of 68 and 7719928?
4
Calculate the highest common divisor of 16350 and 407325.
75
Calculate the greatest common divisor of 20 and 9582148.
4
What is the greatest common factor of 233728 and 19184?
176
Calculate the greatest common divisor of 14763 and 2776221.
777
What is the greatest common divisor of 7114014 and 360396?
2538
What is the greatest common factor of 36566 and 3462302?
94
Calculate the greatest common divisor of 11169 and 631669.
1241
What is the greatest common divisor of 4698 and 80237896?
58
What is the greatest common factor of 306 and 139604?
34
What is the highest common divisor of 127440 and 8939680?
4720
Calculate the highest common divisor of 514890 and 211680.
270
Calculate the greatest common divisor of 1815439902 and 10698.
10698
What is the greatest common factor of 68090 and 22154?
22
What is the greatest common factor of 7480 and 19049690?
1870
Calculate the greatest common divisor of 18906 and 1218204.
822
Calculate the greatest common factor of 28836 and 290131812.
3204
What is the highest common factor of 66574347 and 14?
7
Calculate the greatest common divisor of 887403 and 39.
3
What is the highest common factor of 23555599 and 355?
71
What is the highest common factor of 3421964 and 1200563?
7189
Calculate the highest common factor of 136028009 and 754.
377
Calculate the greatest common divisor of 2325600 and 212364.
612
Calculate the highest common divisor of 414 and 187758.
18
What is the greatest common divisor of 38910396 and 168?
84
What is the highest common divisor of 484 and 130772?
4
What is the greatest common divisor of 5607 and 436129281?
5607
Calculate the greatest common divisor of 6 and 251565210.
6
Calculate the greatest common divisor of 5323287 and 13847.
61
What is the highest common divisor of 1707828 and 84?
12
What is the greatest common factor of 99460 and 6140?
20
What is the greatest common divisor of 7878464 and 8525?
341
Calculate the highest common factor of 1027090 and 105961.
271
What is the greatest common factor of 5228839 and 343?
49
What is the greatest common divisor of 50 and 15357430?
10
Calculate the greatest common divisor of 1134 and 686502.
54
What is the greatest common divisor of 109860 and 7305?
15
Calculate the greatest common factor of 5982012 and 2916.
324
What is the highest common divisor of 780 and 44214?
6
What is the greatest common factor of 43300992 and 4288?
64
Calculate the highest common factor of 79608 and 6420.
1284
Calculate the greatest common factor of 84 and 67737474.
42
Calculate the highest common factor of 57617 and 721.
7
Calculate the highest common factor of 30 and 1107621.
3
Calculate the highest common divisor of 66 and 160057370.
22
What is the greatest common factor of 1019575 and 642175?
425
What is the highest common factor of 138480614 and 122?
122
Calculate the greatest common divisor of 46136 and 349816.
584
Calculate the highest common divisor of 16959 and 1239.
3
Calculate the greatest common factor of 110019 and 63336.
273
What is the greatest common divisor of 3107457 and 128059?
1621
What is the highest common factor of 47415 and 2404245?
435
Calculate the highest common divisor of 36256 and 217948.
412
Calculate the greatest common factor of 168753195 and 9.
9
Calculate the greatest common factor of 4202 and 1027532.
22
Calculate the highest common divisor of 112 and 4094874.
14
Calculate the greatest common factor of 3500 and 3907050.
350
Calculate the highest common factor of 762540 and 128.
4
Calculate the greatest common factor of 244112235 and 7065.
2355
Calculate the highest common divisor of 340 and 28685970.
170
What is the highest common factor of 2724864 and 640?
128
Calculate the highest common factor of 915 and 6063888.
183
Calculate the highest common divisor of 3126 and 4171126.
1042
What is the highest common factor of 184236 and 1092?
156
What is the greatest common divisor of 11524942 and 22?
22
Calculate the greatest common divisor of 15481 and 34691.
113
Calculate the highest common divisor of 210262 and 1706357.
8087
What is the highest common factor of 1688 and 6298772?
844
Calculate the highest common factor of 8883 and 141399.
27
Calculate the highest common factor of 3082 and 1582078.
46
What is the highest common factor of 231 and 6518666?
77
Calculate the highest common factor of 38640 and 2667840.
1680
Calculate the highest common divisor of 277700744 and 56.
8
Calculate the greatest common divisor of 10 and 50048230.
10
Calculate the greatest common divisor of 208520 and 119080.
520
Calculate the highest common divisor of 11 and 39173717.
11
What is the highest common divisor of 94526822 and 208?
26
What is the greatest common divisor of 1933638 and 14210?
98
Calculate the greatest common divisor of 60 and 10088250.
30
What is the highest common divisor of 3352 and 2094581?
419
Calculate the greatest common divisor of 2112 and 224345088.
2112
What is the highest common factor of 1351657 and 39580?
1979
What is the highest common factor of 943 and 1964433?
41
What is the highest common divisor of 55 and 19129645?
5
Calculate the greatest common factor of 220677212 and 56.
28
Calculate the highest common factor of 19662 and 160254.
174
What is the highest common factor of 602096 and 410432?
1936
What is the greatest common divisor of 546875 and 49525?
175
Calculate the greatest common divisor of 63935 and 64865.
5
Calculate the greatest common factor of 1320 and 644325.
165
Calculate the highest common factor of 2541727 and 22029.
1049
Calculate the greatest common factor of 827 and 810918985.
827
Calculate the greatest common factor of 54956993 and 91.
91
Calculate the greatest common factor of 140825 and 84925.
1075
What is the greatest common factor of 48 and 28966932?
12
What is the greatest common divisor of 23883 and 119528130?
1257
Calculate the greatest common divisor of 1065723 and 6165.
411
Calculate the highest common factor of 377175 and 1070.
535
What is the highest common factor of 13599 and 106722?
9
What is the highest common factor of 1599222 and 78324?
642
What is the highest common divisor of 13426555 and 190?
5
What is the greatest common factor of 7770 and 36136198?
518
What is the greatest common divisor of 3916738 and 350?
14
What is the highest common factor of 200 and 453364600?
200
Calculate the greatest common divisor of 220 and 69708940.
20
Calculate the greatest common divisor of 13783677 and 6.
3
What is the highest common factor of 1261 and 1444039?
97
Calculate the greatest common factor of 406 and 982401274.
58
Calculate the highest common factor of 8547 and 4365186.
777
Calculate the greatest common factor of 118742 and 127192.
26
Calculate the greatest common divisor of 1670550 and 236726.
518
What is the greatest common divisor of 90 and 34084434?
6
What is the greatest common divisor of 940 and 48340816?
188
Calculate the greatest common divisor of 104 and 39351.
13
Calculate the highest common factor of 360892043 and 37.
37
Calculate the highest common factor of 234 and 13115706.
6
What is the highest common factor of 54846 and 90882?
198
What is the greatest common divisor of 255126532 and 584?
292
What is the highest common factor of 113854 and 10673?
13
What is the highest common divisor of 66669980 and 260?
260
What is the highest common factor of 82276 and 173396?
268
Calculate the greatest common factor of 426 and 4939257.
213
Calculate the greatest common divisor of 5243444 and 20148.
292
Calculate the 